 greatest common factor of o and c.
17
Suppose 5*p = -3*b + 19, -9 - 16 = -5*p - 5*b. Suppose -p*j + 3 = -1. Suppose j*g = 7*g - 120. What is the highest common divisor of g and 192?
24
Suppose 4*w - 37 = 35. Suppose -2*i = m, 5*m - w = i - 5*i. Let l be 1/m + (-725)/(-6). What is the highest common factor of l and 11?
11
Let o be 14/(-3 + (-30)/(-9)). Let s be (-438)/1095*(-735)/3. Calculate the highest common factor of o and s.
14
Let r = 958 + -307. Let v = -525 + r. Calculate the greatest common divisor of 36 and v.
18
Let s = -868 - -4843. What is the greatest common factor of 318 and s?
159
Suppose 0*a - 138 = -3*a. Let i = 42145 + -42030. Calculate the greatest common divisor of a and i.
23
Suppose 7*o + 9*o = 1568. Let u = -78 + o. Calculate the highest common divisor of u and 60.
20
Let u = 19 + 65. Suppose -f + 46 - 214 = -4*v, 3*v - 3*f = 135. Suppose -v = -3*s + 22. What is the highest common divisor of s and u?
21
Suppose 0 = 4*l - h - 4, -4*l - h + 5*h + 16 = 0. Suppose 9*x - 108 = -l*x. Let c be (4/x)/(5/30). Calculate the highest common divisor of c and 10.
2
Suppose f - 3*z = -288 + 324, 3*z = -18. Calculate the greatest common factor of 366 and f.
6
Let a be -15*10/150*-9 + 946. Calculate the greatest common divisor of a and 40.
5
Let j be 6/5*15*(-4)/(-24). Suppose -o - 88 = -4*f, 43 = j*f - o - 24. Calculate the greatest common divisor of 147 and f.
21
Let r = -16563 + 17987. What is the greatest common divisor of 256 and r?
16
Suppose l - o = 2*o + 467, -5*o - 1868 = -4*l. Let u = l + -313. What is the highest common divisor of 66 and u?
22
Let r be (13 + 117)/10 + 641. Calculate the highest common divisor of 24 and r.
6
Let i = -95 - -788. What is the highest common divisor of 357 and i?
21
Suppose -5*h + 3627 = -1609 - 1689. What is the highest common factor of 10 and h?
5
Let t(y) = -433*y + 1810. Let q be t(4). Suppose 0 = -4*x + 3*s + 217, -x - 6*s + 49 = -5*s. What is the greatest common divisor of q and x?
26
Let t(b) = -58*b - 4382. Let d be t(-91). What is the greatest common divisor of 384 and d?
128
Suppose 296*o + 342 = 295*o. Let t = o + 347. Calculate the highest common factor of t and 7.
1
Suppose -4*c + 31 = 4*f - 5, 1 = -f. Let l = 9 + -6. Let d = 23 - l. What is the highest common divisor of c and d?
10
Let h be ((-96)/15 - -6)/(2/(-55)). Suppose 30*a = h*a + 76. Calculate the highest common divisor of 108 and a.
4
Suppose 68*g - 6655 = 57*g. Let k = -535 + g. Let o(y) = y**3 + 4*y**2 - 4*y - 6. Let v be o(-4). What is the highest common divisor of v and k?
10
Suppose -15*x = l - 11*x - 844, 904 = l + 19*x. What is the greatest common factor of 1196 and l?
92
Let f = 7198 + -7126. What is the highest common factor of f and 23?
1
Let u = 446 + -431. Let a be 235/15 + (-6)/9. Calculate the greatest common divisor of a and u.
15
Let t be 8/1 + (-23 - 13)/(-9) + -8. Let u(d) = 9*d**2 - 5*d + 4. Let o be u(4). Calculate the greatest common divisor of o and t.
4
Let d be -30*(-1 + 0)*(-10)/20. Let a be ((-235)/d - -1)*(10 + -1). Suppose 3*o = a + 18. Calculate the greatest common factor of o and 7.
7
Let r(w) = 600*w - 4035. Let i be r(50). What is the highest common divisor of i and 45?
45
Let l be -140*((-299)/52)/23. What is the highest common factor of l and 217?
7
Suppose -4*a = 1568 - 1836. What is the highest common factor of a and 9?
1
Let w(g) = 11*g + 6*g**2 - 972 + 942 - 4*g**2. Let s be w(-10). What is the greatest common divisor of s and 15?
15
Suppose -21*r + 6*r + 4080 = 0. Suppose -r*h = -256*h - 256. What is the greatest common factor of h and 72?
8
Suppose 4*n - 7 = -4*l + 289, n + 2*l = 73. Calculate the highest common factor of 2725 and n.
25
Let m be 2 + 18016/56 + -5*(-8)/140. What is the highest common factor of m and 1464?
12
Suppose 5*q - 21 = -6. Let m(g) = 2*g - 3. Let f be m(q). Suppose -f*t = -6*t + 60. Calculate the highest common divisor of 30 and t.
10
Let x(j) = -8*j - 12. Let y be x(9). Let h be 5*(y/(-10))/7. Suppose -36 = 5*v - h*v. What is the greatest common divisor of v and 4?
4
Let d be ((-45)/(-5))/((-126)/(-798)). Calculate the highest common divisor of d and 9025.
19
Let y be 84/(-18)*12/(-14). Let z be y/6 - (-4440)/36. Calculate the highest common divisor of z and 31.
31
Let f = 4080 - 4039. Suppose 11*r - 1107 = 8*r. Calculate the greatest common divisor of r and f.
41
Let r = 4732 - 4709. Suppose -3*i + 0*i + 483 = 0. Calculate the greatest common divisor of i and r.
23
Let m be 12/((-16)/(-4)) + -4. Let u be (154/(-21))/(m/(-6)). Let a = u + 68. What is the greatest common factor of a and 16?
8
Suppose 95*b - 90*b = 4*x - 213, 0 = -4*x - 2*b + 262. What is the greatest common factor of 5549 and x?
31
Suppose -5*p + 294372 = 21*p. Suppose 10*n + p = 44*n. Calculate the greatest common divisor of n and 27.
9
Suppose -16*d + 48 + 0 = 0. Suppose 3 = d*f, -118*s = -120*s - 5*f + 27. Calculate the highest common divisor of s and 99.
11
Suppose 2*p + 3*d = 3054, -11*p + 4*d - 4581 = -14*p. Calculate the highest common factor of 3 and p.
3
Let r = -12352 + 12600. What is the greatest common factor of 1178 and r?
62
Suppose 204 + 764 = 11*k. Let o = k - 92. Let h be o/(-10) + (-5896)/(-110). What is the greatest common factor of 18 and h?
18
Let f = -112 - -117. Suppose 4*s + 86 = 3*o + 31, 0 = f*o - 3*s - 110. Suppose -10*c - o = -11*c. What is the greatest common divisor of c and 225?
25
Let c be (-2)/12*(-35 + 37)*3. Let n be 13 + -20 + (84 - c). What is the greatest common factor of n and 6?
6
Suppose k = -5*v + 36 + 41, -5*k + 5*v = -355. What is the highest common divisor of k and 276?
12
Suppose 12*k - 36*k = -4848. Let t = -196 + k. What is the highest common factor of t and 123?
3
Let y(s) = -s**3 + 2*s**2 - 9*s + 1. Let r be y(9). Let g = r - -320. Let n = g + 503. Calculate the highest common factor of 22 and n.
22
Let p = -10232 + 10826. Calculate the greatest common divisor of p and 54.
54
Let b = 1975 - 1039. Calculate the greatest common factor of 336 and b.
24
Let d(i) = 2*i + 4. Let j be d(-2). Let m(a) = 2*a**2 + 2*a + 100. Let y be m(j). Calculate the highest common factor of y and 80.
20
Let b(m) = -39*m + 32 - 39*m + 74*m. Let v be b(7). Calculate the highest common factor of v and 3.
1
Let a = 131 - 153. Let t be 3/((-18)/a)*(10 - -20). Calculate the highest common factor of t and 11.
11
Let f = -246 + 334. Calculate the greatest common divisor of 1012 and f.
44
Let v = 30567 + -30457. What is the highest common divisor of 1903 and v?
11
Let g be (31 - 22 - 11)*(0 - 55). What is the highest common factor of g and 11110?
110
Suppose 522 = -4*a + 2*f, -4*f - 50 = 2*a + 206. Let k = a - -273. Calculate the greatest common factor of 13 and k.
13
Suppose 3*j - 2*c - 12 = 7, -2*j + 14 = -c. Let t = j - 5. Suppose 44 = a + 4*d, d + 0*d - 161 = -t*a. Calculate the highest common factor of 440 and a.
40
Suppose -4*g + v = -486, 0 = 40*g - 43*g - 5*v + 376. Calculate the highest common factor of g and 11041.
61
Suppose -k = 4, -2*k + 301 = 4*u + 61. Let b = u + -29. Let h = -27 + b. What is the highest common factor of h and 48?
6
Let n(f) = f**2 - 11*f + 28. Let l be n(11). Suppose 4*s = -t + 27, l + 10 = 2*t + 4*s. Calculate the highest common divisor of t and 99.
11
Let i(o) = 131*o - 4 - 66*o + 12 + 0 - 64*o. Suppose 0*a = -4*a - 28. Let k be i(a). Calculate the highest common factor of 3 and k.
1
Let h be 264/26 + 2/(-13). Suppose -263*o = -266*o - 4*b - 22, -4*b - 24 = 2*o. What is the highest common factor of h and o?
2
Let j be (-2*(-11)/10 + (-160 - -158))*95. Calculate the greatest common factor of 5339 and j.
19
Suppose 27*m + 4 = 29*m. Let u = m - -3. What is the highest common divisor of 135 and u?
5
Let x(n) = -n**3 - 3*n**2 + n - 1. Let s be x(-4). Let a(u) = -2*u - s + 0*u - 19 - 3*u. Let j be a(-7). Calculate the highest common divisor of 45 and j.
5
Let p be 14/(-28) + (-645)/6. Let y = 128 + p. What is the highest common divisor of 20 and y?
20
Suppose 0 = -27*u + 729 + 756. Let v be (-10)/u + (-9870)/(-77). What is the highest common factor of v and 4?
4
Let b be (-76)/(-8) - ((-10)/(-4))/(425/(-85)). Let h be (30/(-4))/(3/(-28)). What is the greatest common factor of h and b?
10
Let k(c) = 27*c**2 + 3*c + 30. Let u be k(-8). Let t(n) =